48. Is t composite?
True
Suppose 467 = -2*h + h. Let x = h + 901. Let v = x - 147. Is v prime?
False
Suppose -29 = 2*p - 133. Suppose 0 = -5*b + j - 25, -4*b + 0*j - 4*j + 4 = 0. Is ((-13)/b + -2)*p composite?
True
Suppose -m + 470 = 5*p, 4*p + 2*m - 370 = -0*p. Let q be p/(-2) - (-1)/(-2). Let a = q + 86. Is a prime?
False
Let s be ((-1)/(-3))/(1/279). Let q = 164 - s. Is q composite?
False
Let q(m) be the third derivative of -m**4/6 + m**3/6 - m**2. Let g be q(-3). Suppose -5*l - 3 = -g. Is l composite?
False
Suppose 0 = y - t - 3*t + 12, 3*t - 9 = 3*y. Suppose 5*j + 16 - 111 = y. Is j composite?
False
Suppose -497 = -5*z + 138. Is z a composite number?
False
Suppose 7*j = -3*c + 2*j + 78, 0 = 5*c + 3*j - 146. Is c a prime number?
True
Let g(u) = 2 + u - 2 + 0*u + 7. Let q be g(-5). Let s = 27 - q. Is s a composite number?
True
Let i = 765 - 377. Is 2/4 - i/(-8) a composite number?
True
Let z be (-3)/(-2)*8/3. Let h(f) be the first derivative of f**3/3 - f**2 + 6*f - 1. Is h(z) a prime number?
False
Let i = 5 + -1. Suppose 6*j + 40 = 10*j. Suppose 5*b + j = 0, -i*a - 26 = -5*b - 168. Is a prime?
False
Let g(j) = -4 + 13*j + 3 - 73*j - 8*j. Is g(-1) a composite number?
False
Let y(u) be the third derivative of -u**6/60 - u**5/60 + 5*u**4/24 - 7*u**3/6 + 7*u**2. Is y(-6) prime?
True
Suppose -z - z = -2*s - 272, -5*z + 680 = -2*s. Let y be ((-118)/8)/((-9)/36). Let u = z - y. Is u prime?
False
Let t = -11 + 7. Let x(p) = -10*p - 3. Is x(t) a composite number?
False
Suppose -3*i = -7*i + 12. Suppose 257 = 4*c - i*c. Is c composite?
False
Let k(i) = 8*i**2 + 1 - 1 + i + 2 + 0 + i**3. Let b be k(-8). Let q = b + 16. Is q a prime number?
False
Let f(v) = v**3 - 7*v**2 + 7*v - 4. Let c be f(6). Suppose 4*t = p - 51, 3*t + 19 = -5*p - 2. Is (-6)/(-6) - t/c a prime number?
True
Let i = -2 + 4. Suppose 0 = -0*m + i*m - 74. Is m composite?
False
Let i = -4 + 6. Suppose v = i*v - 4. Suppose 2*t = v*p - 348, t = -2*t + 12. Is p prime?
True
Suppose 0 = 4*x + 15 + 17. Let k(l) = -l**2 - 9*l - 2. Let z be k(x). Suppose 3*t - t = z. Is t a prime number?
True
Suppose -2*u - 6 = -4*u. Suppose -u = 4*s + 5. Is (s + 11)*1 + 1 composite?
True
Let v be 214/(-1)*2/4. Let f = -3 - v. Suppose -o + f = 9. Is o prime?
False
Let c(t) = -t**2 + 8*t + 1. Suppose 2*l = 6*l. Suppose 27 = 4*a - 3*u, 5*a - 5*u - 31 - 4 = l. Is c(a) composite?
False
Suppose -a - 2 = 1. Is (-70)/30*a*2 a prime number?
False
Let v(w) = 4*w**2 - 1. Let n be v(1). Suppose -24 = -n*s - s. Is s composite?
True
Suppose 4*o - 10 = -t, 2*t + t - 5*o = -55. Suppose 3*r = -4*w + 107, 4*w = 2*w - r + 51. Let p = w + t. Is p a prime number?
True
Let y = -1859 - -3090. Is y a composite number?
False
Let p = 108 + -53. Let x = 140 - p. Is x composite?
True
Let j(f) = -545*f + 71. Is j(-6) prime?
False
Suppose p + 345 = 2*p + t, -3*p = -2*t - 1015. Is p a composite number?
True
Let t = 22 + -17. Is -3*t/(60/(-412)) composite?
False
Suppose -5*r - 5*c + 51 + 2189 = 0, 3*r - 1347 = -2*c. Is r a prime number?
False
Suppose -3*z - 3*f - 3 = -0*f, 6 = -3*f. Let m be -3 - (1 - 0 - z). Is -1 - (m + 5 + -24) prime?
False
Suppose y - 2*c = 64, -5*c + 308 = -y + 5*y. Suppose -z - y = -2*a + a, 5*a + 5*z = 380. Is a a composite number?
True
Let f = 66 + 45. Is f composite?
True
Let s(a) = 20*a**3 - a**2 - 4*a + 4. Let d be s(3). Suppose x + d = 4*i - 0*i, -3*i - 2*x = -395. Is i a composite number?
False
Let c(o) = -o**2 + 2*o**2 + 1 - 8 + 6*o. Let d be c(-7). Suppose 4*u = u - 2*r + 46, d = -5*u + r + 68. Is u composite?
True
Let o = 3471 - 210. Is o prime?
False
Let c be (-2)/1*59/2. Let g = -36 - c. Suppose 5*p - g = 12. Is p a prime number?
True
Let y be (-1)/(6/(-5) - -1). Suppose -2*w - 1 = -3*q - y, -4 = -2*w - 5*q. Suppose w*g + 4 = 30. Is g a prime number?
True
Let f(u) be the first derivative of 11*u**7/420 - u**6/360 - 2*u**3/3 + 2. Let w(v) be the third derivative of f(v). Is w(1) a composite number?
True
Suppose -3*o + 6*a - 4*a + 799 = 0, 774 = 3*o + 3*a. Is o prime?
True
Let f(o) be the second derivative of 2*o**4/3 - o**3/3 + o**2/2 - 3*o. Suppose -x = 2*l - 11, 0 = -2*x - l - 0*l + 7. Is f(x) a composite number?
False
Let a(f) = f**3 - 7*f**2 + 5*f + 9. Suppose 3*o + 16 = 40. Is a(o) a composite number?
False
Let m(h) = h**3 + 16*h**2 - 7*h - 13. Is m(-15) a composite number?
False
Let t(x) be the third derivative of -x**4/24 - x**3/3 + 2*x**2. Let d be t(-3). Is 16*d - (2 - 0) a composite number?
True
Is ((-7389)/27*-6)/(4/10) prime?
False
Let h(i) = -2*i + 2. Let p be h(-6). Is (3 - p)*(-2 - 1) composite?
True
Let y = 5 + -3. Suppose -42 = y*t - 3*t. Is (-551)/(-7) - (-12)/t composite?
False
Let s(q) = -q**3 + q**2 - q - 1. Let p(b) = b**2 + b. Let v(j) = 4*p(j) + s(j). Let g be v(6). Let a = 46 - g. Is a a prime number?
False
Let q = 236 - -506. Suppose -2*h + 4*h = q. Is h a prime number?
False
Let t(x) = -3*x**2 + 2*x**2 + 19*x - 13 + 22. Is t(14) a composite number?
False
Let q(f) = f**2 + 2*f - 1. Let v be q(2). Let s = -3 + v. Suppose 40 = -s*a + 348. Is a prime?
False
Let y = -550 - -799. Is y a composite number?
True
Suppose -9851 = -17*s + 876. Is s prime?
True
Suppose 5*m = -25, 0 = -5*q + 5*m - 1 + 46. Suppose 69 = 4*p + q*a + 13, -2*p + 4*a = -22. Is p composite?
False
Suppose 88 = 5*o - 167. Let t = o + 6. Is t a composite number?
True
Let x = 5 - 3. Suppose q = -0*q + x. Suppose 195 = 5*a - 2*l, -q*l + 10 = -4*l. Is a a prime number?
True
Let m be (1 + -2 - -2)*66. Let x = m + -31. Is x a composite number?
True
Suppose 2*y - 2321 = 353. Is y a prime number?
False
Let l = 11 + -32. Let y = 102 + l. Let g = y + -48. Is g a prime number?
False
Let o be (-1)/2 + (-10935)/(-30). Suppose 2*r - 9 = -r, 2*q - 2*r = o. Is q a prime number?
False
Suppose -93 = 5*q + 82. Let t = q + 57. Is t a composite number?
True
Let h be ((-8)/6)/((-3)/(-63)). Let j = -20 - h. Is 26*14/j*2 a prime number?
False
Suppose 0 = v + 3*j - 378, -3*j = 3*v - 6*j - 1146. Is v a composite number?
True
Let y(m) be the second derivative of -11*m**4/12 - 7*m**3/6 + 3*m**2/2 + 3*m. Let i(j) be the first derivative of y(j). Is i(-9) composite?
False
Let m(l) = -4*l + 5. Let r(x) = x - 1. Let i(a) = a**2 - 4*a - 3. Let p be i(3). Let s(c) = p*r(c) - m(c). Is s(-3) a prime number?
True
Suppose -2*z + 1213 = 3*r, 3*r - 4*z - 1228 = -9*z. Suppose -2*x + 7*x - 2005 = -4*n, -x + r = 5*n. Is x composite?
False
Suppose 6942 = 14*d - 8*d. Is d a composite number?
True
Suppose 452 = o + 3*o. Is o prime?
True
Let o = -1987 + 3324. Is o a prime number?
False
Let a = -11 + 15. Suppose 3*w - 4*k = a*w + 11, 4*k = -3*w - 9. Is 234/24 - w/(-4) composite?
True
Let h(t) = 6*t**2 - 1. Let p be h(-1). Suppose 5*c + 297 = 2*s, 5 = p*c - 20. Is s prime?
False
Let u = 300 + -203. Is u a prime number?
True
Let f(j) be the third derivative of 7*j**4/24 - 5*j**3/6 + 2*j**2. Let q be f(4). Suppose 0 = 2*x - x - q. Is x a composite number?
False
Let z = 25 - 11. Suppose -2*m - 2*h - 1 = -9, 5*m + 2*h = z. Suppose -3*r - m*r + 45 = 0. Is r prime?
False
Let w(h) = h**3 - 5*h**2 + 7*h - 5. Let t(c) = c**2 + 6*c - 3. Let k be t(-7). Let z be w(k). Let v = z + 0. Is v a composite number?
False
Let f(a) = 6*a - 1 - 4*a**2 - 1 + 5*a**2. Let p be f(-7). Suppose r - p - 4 = 0. Is r a composite number?
True
Let h(b) = 10*b - 5. Let p = 7 + -7. Let q be (0 - 3 - p) + 7. Is h(q) a prime number?
False
Let z(h) = 10*h**2 + 6*h + 7. Is z(-3) prime?
True
Suppose 0*z - 2 = -2*z. Suppose 0 = -4*c - z + 13. Is (-1)/((-9)/165)*c composite?
True
Let s be (-1546)/(-1) - (0 + 3). Suppose 4*g = 273 + s. Let k = 707 - g. Is k a prime number?
False
Suppose -3*r + 5*w + 37 = 0, -2*r - 14 = -3*r + 2*w. Suppose r*g + 0*g - 356 = 0. Is g a prime number?
True
Let w be 0/1*(-8)/16. Let l(h) = -h**2 - h + 11. Is l(w) a prime number?
True
Is 31/(2/(-56)*-4) prime?
False
Suppose c + 4*d = -0*d + 30, -234 = -5*c + d. Is c prime?
False
Let g(n) = 9*n**2 - 6 - 2*n**3 + 5 - n + 5 + 3*n**3. Is g(-9) composite?
False
Suppose 5*i - 191 - 189 = 0. Suppose -g - g = -i. Is g composite?
True
Is (-398)/3*42/(-28) a prime number?
True
Suppose -76 = -w + 65. Is w a composite number?
True
Is (-10)/(-15) - 2/(6/(-5449)) composite?
True
Suppose -5*z + 3*a = -936 - 544, 1490 = 5*z - 5*a. Is z a compos